sor of a and 28.
4
Let q be 9 + -6 + (-3 - -6). Let x = q - 4. Calculate the highest common factor of 10 and x.
2
Suppose 0 = -3*z + 5*l - l + 12, 2*l = -3*z + 12. Suppose -z*m + 11 = -13. Let n(k) = 2*k - 2. Let t be n(m). What is the highest common divisor of t and 10?
10
Let m(k) = 7*k + 49. Let r be m(17). What is the highest common factor of 24 and r?
24
Let g be -3 + 1 - 6/3 - -28. Calculate the highest common factor of g and 192.
24
Suppose 4*b = -y + 20, 0 = 4*b - 5 + 1. What is the highest common divisor of y and 80?
16
Let h(x) = 2*x**2 - 1. Let c be h(5). Let g be 1*c/1 + 0. Let p = 6 + 1. What is the highest common divisor of g and p?
7
Let f be (-24)/(-15) - 6/(-15). Suppose -2*s + 2*p = 0, 0*p + 24 = 4*s + f*p. Calculate the greatest common factor of s and 12.
4
Let v(f) = -15*f - 42. Let w be v(-16). Calculate the highest common divisor of 18 and w.
18
Let x(q) = -q**3 + 21*q**2 - 38*q + 15. Let l be x(19). What is the greatest common divisor of l and 30?
15
Suppose -3*z + 13 + 2 = 0. Let c(b) = -b**2 + 9*b + 5. Let k be c(z). Suppose 5*g - 1000 = -0*g. Calculate the greatest common divisor of g and k.
25
Let n(m) = m**2 - 12*m - 6. Let l be n(13). Let r(z) = 7*z + 1. Let b be r(-2). Let q be (b + 2)*1*-7. What is the greatest common factor of l and q?
7
Let l be -1*((-1)/(-1))/(-1). Let s be (-7)/(-4) + l/4. Let h = -6 - -16. What is the highest common factor of h and s?
2
Let t(w) = -13*w + 5. Let f be 106/(-22) - (-4)/(-22). Let x be t(f). Calculate the greatest common factor of x and 14.
14
Let w(u) = u**2 - u - 8. Let t be w(6). Suppose -4*j - 68 = -4*h, 0 = -h - 0*h + 2*j + t. Calculate the greatest common divisor of 18 and h.
6
Let o be ((-9)/6*2)/(-1). Suppose 3*x - 27 = -5*y + 2*y, -o*x = y - 21. Calculate the greatest common divisor of 3 and x.
3
Let r be 1 + (-2 - (-1)/1). Suppose -3*x + 6*x = 5*v - 110, -4*v = -2*x - 88. Let a = r + v. What is the highest common divisor of 55 and a?
11
Suppose -12*o + 9*o = -117. Calculate the greatest common divisor of o and 65.
13
Suppose -5*r + 21 = 1. What is the greatest common divisor of r and 36?
4
Suppose 2*h + 0*h - 20 = 0. Let i be (-132)/h*(-10)/3. Let x be i*(10/8)/1. Calculate the greatest common divisor of 22 and x.
11
Let t be (-412)/2*(-15)/10. Suppose 2*i - t = -3*k - 0*k, 2*i + 6 = 0. What is the greatest common divisor of k and 21?
21
Suppose 5*r - 3*r - y + 2 = 0, -1 = 3*r - y. Let v = 6 - 1. What is the highest common divisor of r and v?
1
Suppose k + k + 214 = 5*d, -d = 4*k - 34. Suppose 2*o + d = 4*z, -48 = -6*z + z + o. Let x be z/12*6*6. Calculate the greatest common factor of 18 and x.
9
Let d = 1 + 15. Calculate the greatest common factor of 64 and d.
16
Let r = 3 - -8. Suppose 0 = -2*k, -3*l - l + 704 = 2*k. Suppose -3*t + l = -t. What is the greatest common divisor of r and t?
11
Suppose 2*x - 43 = -3. Let m = 38 + -53. Let w be (-3)/m + 98/10. What is the highest common factor of w and x?
10
Let s = -1 + -1. Let q(o) be the third derivative of -o**4/4 - 3*o**2. Let r be q(s). What is the greatest common factor of 12 and r?
12
Suppose 3*c = -3*d + 12, -23 - 6 = -5*c + 4*d. Calculate the greatest common factor of c and 45.
5
Let o be 1*4/(-18) + 3462/27. Calculate the greatest common divisor of o and 8.
8
Let g be 3 + (0 - 0) - 1. Suppose -g*j + 17 = -13. Let a = -82 - -142. What is the highest common factor of a and j?
15
Suppose -3*x + 6*j - 2*j - 9 = 0, 2*x + 4 = 2*j. Suppose 8 = m + x. Calculate the greatest common factor of 63 and m.
7
Suppose p + 16 = 4*y - 3*p, 3*y = 5*p + 10. Suppose 5*f + y*i - 115 = 0, 5*f - 41 = -2*i + 77. Let a = f + -13. Calculate the highest common divisor of 1 and a.
1
Suppose 0 = -2*f - 73 - 37. Let a = -20 - f. What is the highest common factor of a and 7?
7
Let v = -4 + 5. Calculate the greatest common factor of 11 and v.
1
Let h be (18/(-12))/((-6)/44). Let j(t) = 17*t + 3. Let m be j(5). Calculate the greatest common divisor of h and m.
11
Let h be 6 + (0 + 0 - 2). Suppose h*z + 6 - 30 = 0. Let u = 20 - z. Calculate the highest common divisor of 154 and u.
14
Suppose -14*l + 178 = -382. Calculate the greatest common divisor of l and 40.
40
Suppose 0 = 5*a - 4*o - 113, a = -3*o - 16 + 50. Let i be (5 + -5)/(1 - 0). Let k be (-12)/4 + a + i. Calculate the greatest common divisor of 33 and k.
11
Suppose -2*c - 3*c - 5 = 0, 5*c - 187 = -2*q. What is the greatest common divisor of q and 12?
12
Let a be 2 + 0 + (-15)/15. Suppose 2*i - a = 15. What is the greatest common divisor of 2 and i?
2
Suppose -5*n = -0*n + 510. Let l be (2/6)/((-2)/n). What is the greatest common divisor of 68 and l?
17
Let j(p) = -58*p**3 + 3*p + 3. Let b be j(-1). Calculate the greatest common divisor of b and 290.
58
Suppose -468 = -5*w - 2*p - 43, -5*p = w - 85. What is the highest common divisor of w and 51?
17
Let v = -14 - -20. What is the greatest common divisor of 2 and v?
2
Let g(u) = -u + 10. Let n be g(-9). What is the highest common divisor of 57 and n?
19
Suppose w + 2*x - 31 = 0, 0 = w - 3*w - 5*x + 58. Calculate the greatest common divisor of w and 26.
13
Suppose 12*q - 20 = 8*q. Calculate the greatest common factor of q and 1.
1
Let r = 0 - -7. What is the highest common factor of r and 56?
7
Let o(r) be the second derivative of -3*r**3 - r**2 - 41*r. Let m be (-8)/6*3/2. Let l be o(m). What is the highest common factor of 85 and l?
17
Let o(t) = 140*t**2. Let j be o(1). Suppose -3*q + j = 2*q. Suppose -3*y = -y - 3*u - 26, 4*y + 4*u - 12 = 0. What is the greatest common divisor of y and q?
7
Let t = -6 + 3. Let s(w) = w**2 + 3*w + 2. Let y be s(t). Suppose 144 = 2*h + y*h. Calculate the highest common divisor of h and 6.
6
Suppose 0*c + 68 = 4*c. Calculate the greatest common factor of 17 and c.
17
Let w = -3 + 3. Suppose 7*c = 2*c - 25, -3*o - c - 113 = w. Let z = 76 + o. Calculate the highest common factor of z and 10.
10
Let s = 443 - 157. Calculate the greatest common divisor of s and 26.
26
Let i(n) = -n**3 + 6*n**2 + 3*n - 3. Let p be i(6). Suppose 181*j - 176*j = 15. What is the greatest common factor of p and j?
3
Let x = 6 - -4. Let q = x + -2. Calculate the greatest common factor of 1 and q.
1
Let j be 7*4/(-16)*-20. Calculate the greatest common divisor of 5 and j.
5
Let g be 12/(-42) + 9/7. Calculate the highest common divisor of g and 9.
1
Let c = -38 + 78. Calculate the greatest common divisor of 5 and c.
5
Suppose n - 21 = x + 39, 115 = 2*n - x. What is the greatest common divisor of n and 22?
11
Let d = 275 - 155. Calculate the greatest common divisor of 20 and d.
20
Suppose 4*x = -0*x - 8. Let g be 6/9*-1*6. Let u be (x - 4)*g/12. Calculate the greatest common divisor of u and 2.
2
Let m be (-275)/(-20) - (-4)/16. Calculate the greatest common factor of 2 and m.
2
Suppose 25*d - 21*d = -464. Let b be d/(-10) + (-3)/5. Calculate the greatest common divisor of 77 and b.
11
Suppose -3*h + 185 + 184 = 0. Let f = h + -24. Calculate the highest common divisor of f and 11.
11
Suppose -5*s - 3*y = -2*y - 28, -13 = -2*s - y. Suppose 41 = s*u + 1. Calculate the greatest common divisor of 88 and u.
8
Let q = -43 - -82. Calculate the greatest common factor of 3 and q.
3
Let j be -130*(4/6)/(2/(-3)). Let x be -26*((-10)/4 - -2). Calculate the greatest common divisor of x and j.
13
Suppose -2*i - 5 = 71. Let t = -17 - i. Calculate the greatest common divisor of 14 and t.
7
Let s = -79 - -119. Suppose -6*i = -i - s. What is the highest common divisor of 24 and i?
8
Let v(g) = 9*g**2 + g - 2. Let o be v(2). Calculate the highest common factor of 24 and o.
12
Let c(d) = -23*d + 2. Let h(z) = -68*z + 5. Let l(a) = -17*c(a) + 6*h(a). Let v be l(-4). What is the highest common divisor of v and 8?
8
Suppose -6*y = -y - 55. Calculate the highest common factor of y and 99.
11
Let s = -14 - 10. Let q = 37 + s. What is the highest common factor of 104 and q?
13
Let d be 1 + (182/(-1))/(-2). Let k(w) = -2*w**3 - 5*w**2 - w + 6. Let i be k(-4). Suppose d = 5*y - i. What is the greatest common divisor of y and 20?
10
Let l(h) = 0 + 3*h + h**2 + 1 - 3. Let b be l(-5). Let c(i) = 2*i - 10. Let w be c(7). What is the highest common divisor of b and w?
4
Suppose -14 = -3*p + 58. Let c = 294 + -154. Suppose -4*n - 87 = -2*b + 25, -n = 3*b - c. W